 tens digit of j?
4
Suppose 2*y + r = 619, -2*r - 1546 = -5*y - 3*r. What is the units digit of y?
9
Let d(p) = 3*p - 2. Let r = 12 - 8. Let j be d(r). What is the tens digit of 6/4*(j - 0)?
1
Suppose -3*n + 117 = 3*c, -2*n = 3*n - c - 213. Suppose 0 = -4*z - 2*d + d - 78, -2*z = -d + n. Let u = -6 - z. What is the tens digit of u?
1
Suppose -8 - 8 = -4*u, 0 = -h - 2*u + 9. Let r be (h/(-2))/((-15)/90). Suppose 3*n + r*n - 126 = 0. What is the units digit of n?
1
Suppose 108522 = 58*b - 121970. What is the tens digit of b?
7
Let f(p) be the third derivative of p**6/20 - p**5/30 + p**3/6 + p**2. Let s be f(1). Suppose -7*u + s*u = -114. What is the tens digit of u?
5
Suppose 30514 = 8*k + 3*k. What is the hundreds digit of k?
7
Suppose -13*z + 363 = -12*z. What is the tens digit of z?
6
Let v be -2*3/(-15) + (-2670)/50. Let i = 82 + v. What is the units digit of i?
9
Suppose 12 = a + j, 16 = 3*a + 2*j - 15. Suppose -4*d = -a*d + 15. Suppose -4*n + s + 130 = -s, -3*n + d*s + 101 = 0. What is the tens digit of n?
3
Suppose 9*j + 6*j = 8790. What is the hundreds digit of j?
5
Let x = -30 + 57. Suppose -x = -3*w + 3*f, 0*w = 2*w + 3*f + 7. Suppose -w*y + 57 = -27. What is the units digit of y?
1
What is the tens digit of 7271/11 - (-8)/(-4)?
5
Let p = 7408 + -3558. What is the tens digit of p?
5
Let o = -961 - -1881. What is the hundreds digit of o?
9
Suppose 3*r = 2*r + 2*n + 29, 4*n = -r - 1. Suppose -r - 51 = -c. What is the tens digit of c?
7
Let h be (-240)/(-108) - (-4)/(-18). Suppose 3*u - 741 = -5*o, 3*o - 4*u = h*o + 162. Suppose -5*n = 4*d - o, -2*n + 4*d + 60 = -d. What is the tens digit of n?
3
Suppose -4*d + j = -12, 2*d - 5*j = d + 22. Suppose 0 = -d*h + h + 9. What is the tens digit of (-4)/(-6)*(h + 9)?
1
Let z(b) = b**2 + 6*b - 6. Let h be z(-6). What is the tens digit of (4 + 26/h)*-87?
2
Let p be (-1346)/14 + ((-25)/(-35))/5. Let x = 183 + p. What is the units digit of x?
7
Suppose 10*b = 1461 + 2079. What is the hundreds digit of b?
3
Let m be (-2 + (-216)/(-2))/1. Suppose -2*u + 38 = -74. Let t = m - u. What is the units digit of t?
0
Let j = 31 + -26. Suppose -445 = -j*n - 75. What is the units digit of n?
4
Let t(f) = -3*f**3 - 25*f**2 - 8*f + 16. What is the units digit of t(-10)?
6
Suppose 3*n - 5*v - 3137 = 0, -47*n + 44*n = 4*v - 3155. What is the hundreds digit of n?
0
Let p be ((-2)/1 - -43) + 1. Suppose -b + p = 3*w - 2*w, -2*b + 4*w = -60. What is the units digit of b?
8
Let t = -7032 + 10208. What is the units digit of t?
6
Suppose 7 + 5 = n. Suppose -5*u + 5*r - n = -62, 4*r - 16 = 0. What is the units digit of 231/u*1*2?
3
Suppose -5*o - 25 = 5. Let y(p) = -p**2 - 5*p + 11. Let h be y(o). Suppose 19 = 6*s - h*s. What is the units digit of s?
9
Let o(i) be the third derivative of i**5/30 + i**4/8 - 7*i**3/2 - 13*i**2. What is the tens digit of o(7)?
9
Let d(s) = -15*s + 14. Suppose 0*n + 56 = -4*n. Let o be d(n). Suppose -4*j + 4*y + o = -16, 5*j + 5*y - 280 = 0. What is the tens digit of j?
5
Let j = -31 + -29. Let q be 1*j - 4/(-4). Let w = -34 - q. What is the units digit of w?
5
Suppose 0 = 2*m - m - 1. Suppose -5*y + 5*l - m - 4 = 0, 0 = 5*y - 4*l + 2. Suppose 0 = -2*t - 3*t - i + 149, 2*t - y*i = 62. What is the tens digit of t?
3
Let l be (-1 - -7) + (2 - 1). Let x(c) = -33*c + 24. Let w be x(10). What is the units digit of 1/l + w/(-14)?
2
What is the tens digit of 80 + -4 + (-20)/(-2)?
8
Suppose -4*r = 0, -3*o + 10 = 2*o + 5*r. Suppose 3*f - f = -o*q + 88, -2*q = 4*f - 84. What is the units digit of q?
6
Let s(d) = -2*d + 3. Let l be s(-4). Suppose 4*a - l + 3 = 0. Suppose j - a*g - 10 = 0, j + 2*j - 34 = 4*g. What is the tens digit of j?
1
Suppose 4*p + 36 = 3*p + 2*f, -4*p + 4*f = 152. Let b be ((-12)/(-10))/((-12)/p). Suppose -b = -0*c - 4*c, 2*o = -2*c + 10. What is the units digit of o?
4
Let x be 7 + (-9)/(0 + 3). What is the tens digit of x + -3 - 1/(1/(-93))?
9
What is the hundreds digit of 9 + 328*50/5?
2
Let a = -3 + 5. Let l be ((-73)/1 - a) + 0. What is the units digit of ((-1)/(-3))/((-5)/l)?
5
Let q(n) = -3*n - 8. Let u be q(-4). Let l = -2 + u. What is the tens digit of (-22)/11*(-11)/l?
1
Suppose 0 = 3*d - 7*d + 24. Let g be 9/(-15) + (-2)/5. Let v = d - g. What is the units digit of v?
7
Let v = -73 - -137. Let n = v - 2. What is the units digit of n?
2
Let d = 6 + 18. Let g be 12/(-1 + 9/3). Suppose 5*p - g = d. What is the units digit of p?
6
Suppose -5*r - 3*w = -30, 3*r = r - w + 13. What is the units digit of r + (16/4)/(-4)?
8
Let h(v) = 2*v**3 - 6*v**2 + 17*v - 75. What is the tens digit of h(9)?
5
Let l be (-19*1)/(0 - 1). Suppose 23 = x - 3*f, 12*x - 2*f = 14*x - 14. Suppose -x = 2*q - l. What is the units digit of q?
4
Suppose -1 - 1 = 2*z. Let v(n) = 198*n - 6. Let q(x) = -64*x + 2. Let k(s) = 16*q(s) + 5*v(s). What is the units digit of k(z)?
6
Let s(p) = -p**2 - 8*p - 5. Let b be s(-4). Suppose b*r - 3*r - 552 = 0. What is the units digit of r?
9
Let a(x) = 2*x. Let s be a(-5). Let u be s/(-15) - 1299/(-9). Suppose -u = -11*z + 6*z. What is the tens digit of z?
2
Suppose 22*p - 24*p = -11616. What is the units digit of p/40 + (-4)/(-5)?
6
Suppose 0*p - 304 = -3*p + 2*v, -3*p - 2*v = -308. Let r = p - 60. Suppose c = 14 + r. What is the units digit of c?
6
Suppose 3347 + 9703 = 10*z. What is the tens digit of z?
0
Let o(c) be the third derivative of c**6/60 + c**5/10 + c**4/4 + c**3/3 + 10*c**2. Let u be o(-4). Let b = u - -92. What is the units digit of b?
8
Let g = 182 + -134. What is the tens digit of g?
4
Let g(j) = -2*j**3 - 3*j**2 - j - 1. Let k be g(-2). Suppose -5*w = 5 + k. What is the units digit of (2/6)/(w/(-24))?
4
Suppose -7*g = -13*g + 2322. What is the units digit of g?
7
Let c = 64 - 56. What is the tens digit of -1*(-90)/(-4)*c/(-12)?
1
Suppose -9*f + 4*f = 1645. Let b = f + 504. What is the hundreds digit of b?
1
Let l(n) be the second derivative of n**5/20 - n**4/12 + n**3/6 - 2*n**2 + 6*n. Let q be l(0). What is the units digit of q/2 - -38*1?
6
Let y(g) = g**3 + 22*g**2 + 18*g + 17. Let s be (-18)/(-15)*(-10)/4*7. What is the units digit of y(s)?
0
Suppose m - 1078 = -231. What is the units digit of m?
7
Suppose -5*m + g = 4*g - 70, 0 = -3*m + 2*g + 23. Let j = m + -9. Suppose -5*c + 78 = -3*x, -c + j*x + 10 = 7*x. What is the tens digit of c?
1
Let t(a) = 4*a - 5. Let p be t(2). Suppose 112 = 2*g + p*w, -g - 4*g + w = -263. What is the tens digit of g?
5
What is the tens digit of (-15 + 24)/((-3)/(-74))?
2
Let n(i) be the first derivative of 0*i**2 + 0*i - 2 + 0*i**3 + 19/4*i**4. What is the tens digit of n(1)?
1
Let y be (4 - 5)/(1/(-4)). Suppose 0*x - 5*f - 30 = -x, -28 = -y*x - 3*f. Suppose -3*z = -5*d - 75 - 5, z - 5*d - x = 0. What is the units digit of z?
5
Let o = -7105 + 11846. What is the hundreds digit of o?
7
Suppose -4*g - 34 = -3*w + w, 5 = -5*g. Let c = 5 + w. Suppose -3*f + 5*q - 8 = q, -c = -4*q. What is the units digit of f?
4
Suppose -4*x + 1726 + 6906 = 4*s, s + 10760 = 5*x. What is the tens digit of x?
5
Suppose 17*f - 3975 = 2*f. What is the tens digit of f?
6
Let j be (-2 + 24)*6*12/9. Suppose j = 2*s + 48. What is the units digit of s?
4
Suppose 0 = -4*q - 366 + 18. Let u = 156 + q. What is the units digit of u?
9
Let l(w) = -2*w**3 - 9*w**2 - 8*w + 4. Let x = -14 - -9. What is the tens digit of l(x)?
6
Suppose 0 = 12*u - 10*u - 26. Let x = u - 9. Suppose 4*j = 3*q + 76, -4*j + 0*j + 76 = x*q. What is the units digit of j?
9
Let f = 192 + -311. Let c = 304 + f. Suppose 0 = -4*l + 3 + c. What is the units digit of l?
7
Let d = 363 - 207. Let o = 246 - d. Suppose o + 50 = 5*g. What is the units digit of g?
8
Let k = 2141 + -1128. Suppose 3821 = 12*s + k. What is the units digit of s?
4
Let s = -42 - -41. What is the tens digit of (4 - -1)*68/10 - s?
3
Suppose 0 = -4*y - 0*y + 12. Let x = y - -13. Let n = 1 + x. What is the units digit of n?
7
Suppose 4*a + 0*a = 0. Suppose a = 8*b - 3*b - 240. Suppose -3*c + b = -c. What is the units digit of c?
4
Let s be (-25 + 1)*9/6. Let p be (-36 - 6)/((-3)/(-2)). Let m = p - s. What is the units digit of m?
8
Let d = -135 - -213. Let r = d - -266. What is the hundreds digit of r?
3
Suppose -8*u = -3*u - 40. Let b = u + 33. What is the tens digit of b?
4
Suppose 2*k + 3*x + 0*x = 1711, 0 = -3